posite number?
False
Suppose -u = -2, -5*u - 1470 = -3*z + 5129. Is z a composite number?
False
Suppose s - 49894 = -3*j + 121662, 3 = 3*s. Is j a prime number?
False
Suppose 6 = -3*j, -f - 2 = -2*j + 11. Let h(o) = o**3 + 17*o**2 + o + 21. Let i be h(f). Suppose i*q + q = 50. Is q composite?
True
Let r(y) = 273*y**2 + 22*y - 64. Is r(3) a composite number?
False
Let r = 15 - 13. Suppose 5*g + 59 = -r*p - 48, 0 = 4*p - g + 269. Let o = -8 - p. Is o prime?
False
Let y(v) = 13*v**2 - 113*v + 85. Is y(43) prime?
False
Let q(x) = 8*x + 9. Let k be q(-2). Let s be (k + 8)*1*843. Let g = -110 + s. Is g a composite number?
False
Suppose 2*h + 698 = 2264. Let q = h + -121. Is q a composite number?
True
Let c(l) = -l**3 - 3. Let j be c(0). Let w(o) = o**2 - o. Let m(q) = -5*q**2 + 12*q - 3. Let h(b) = j*w(b) - m(b). Is h(6) a prime number?
False
Let p(l) = -l**3 + 21*l**2 - l - 7. Let u be (-2)/(2/(-15)) + -1. Is p(u) prime?
False
Let r = 32508 + -17539. Is r prime?
True
Let i = -15122 - -25595. Is i prime?
False
Is ((-10)/(-8))/(3/948) composite?
True
Suppose -4*v + 4*y - 1009 = -12189, -2*v - 4*y + 5602 = 0. Is v a composite number?
False
Let v(z) = 7*z**2 + 10*z - 112. Is v(19) a prime number?
False
Let j = 15 - -1. Is (j - -3)/(1 + 0) prime?
True
Let i = 14 - 12. Suppose i*m - 4*w = -6, 6 = -m - 4*w + 3*w. Is (23/4)/(m/(-60)) prime?
False
Let q(n) be the third derivative of 11*n**5/30 - n**4/3 + n**3 - 10*n**2. Is q(4) composite?
True
Let j(n) = -n**3 - 10*n**2 + 5*n + 16. Let l = 1 - 13. Let b be j(l). Suppose -78 = 2*w - b. Is w a composite number?
False
Suppose -3*u - 2*j - 578 = -4*u, -4*u - 3*j = -2356. Suppose -4*c = -3*f - 1192, -c - c + 4*f = -u. Is c a prime number?
False
Suppose 0 = -5*z - 4*l + 12889, 4*z - 2*l = 3781 + 6551. Is z prime?
False
Let z(d) = -d**2 + 13*d + 10. Let g be z(13). Suppose -5*x = g, -t = -4*x - 8 - 77. Is t composite?
True
Let m = 26 - 16. Suppose m = 2*c + 3*c. Suppose 0 = 3*s + c*p - 67, -53 = -2*s - 3*p - 0*p. Is s prime?
True
Let i be (-5 - -3)/6*0. Suppose -8 = -4*p - 0. Suppose i = 5*q - p*q - 879. Is q composite?
False
Let x = -2345 + 1010. Is (-2)/(-7) + x/(-7) a prime number?
True
Let f(l) = 16*l**2 + 12*l + 21. Let y(k) = -k**3 + 9*k**2 + k - 19. Let c be y(9). Is f(c) prime?
False
Suppose -44*h + 25087 = -741. Is h prime?
True
Let p = -527 - -284. Let r = p - -650. Is r a composite number?
True
Suppose -15 = 3*g, -3*l - 3 - 17 = 4*g. Suppose l = -c - c - 154. Let z = c + 159. Is z a composite number?
True
Suppose 7 = -4*p + 5*p. Let z = p - 11. Let y(w) = -13*w + 1. Is y(z) composite?
False
Let a be -1 + -3 + (3 - -6). Suppose 2*t - 4 = 3*b, a*t + 2*b = t + 8. Suppose -365 = t*h - 1039. Is h a composite number?
False
Let i = -2 + 18. Let t = i + -13. Is (t + (-46)/4)*-58 a composite number?
True
Suppose 9*t - 6*t - 3 = 0. Let o(j) = 1838*j**2 - 1. Is o(t) a prime number?
False
Let k(j) = 46*j - 5. Let x be 3/7 - (-187)/(-77). Let s = x - -4. Is k(s) a composite number?
True
Let g(x) = 250*x**3 - x**2 + 2*x. Let t be g(1). Suppose 3*u + 4*y - t = 0, 4*u - 4*y - 360 = -3*y. Is u composite?
False
Is (-5 + -41362)/(-3) - (5 + 3) a prime number?
True
Suppose -l - 9*l = -102890. Is l prime?
True
Suppose -f - 2*j = 2*f - 2517, -4*j = -2*f + 1694. Suppose -b + 1972 + f = 0. Is b a composite number?
True
Let r be 1*(-2)/(4/6). Let p be r + (-84)/(-2) + -2. Is ((-6)/2)/(-3) + p prime?
False
Let t(l) = 5*l**2 + 2*l - 2. Let d be t(2). Suppose p + p - 3*v - 59 = 0, 4*v = p - d. Is p prime?
False
Let l be -3 - 3/(6/(-16)). Suppose 4*d - 104 = -l*i - 0*d, 0 = -2*i + 2*d + 38. Suppose -g = 4*q + g - i, -3*q + 1 = 5*g. Is q a prime number?
True
Let c(q) be the third derivative of -151*q**4/24 + 11*q**2. Is c(-5) a composite number?
True
Let c(l) be the second derivative of -l**5/20 + l**4/12 + l**3/6 - l**2/2 - 6*l. Let t be c(2). Is 17*(-1 - (t - 0)) a prime number?
False
Let t(k) = -10*k**2 + 3. Let u(o) = -11*o**2 + o + 4. Let v(q) = -4*t(q) + 3*u(q). Is v(-2) a composite number?
True
Let r be ((-480)/(-3))/8 + -10. Let y be 2/(-4) + 1/2. Suppose -r*l + 16*l - 2274 = y. Is l composite?
False
Suppose 0 = 3*p - 2*b + 31 - 1, -4*b = -5*p - 48. Is (p/(-8))/((-2)/(-188)) a prime number?
False
Let a(k) = -83 + 34 + 32 - 2*k. Let h be a(-12). Suppose -h*y + 2*y + 35 = 0. Is y a prime number?
True
Let t = 5081 - 2952. Is t prime?
True
Let o be ((-36)/(-24))/(6/16). Suppose 2*p + 973 = l, -o*p - 4935 = -5*l - 8*p. Is l prime?
True
Let f(n) = 2*n**2 + 18*n - 24. Let t be f(15). Suppose 132 = -4*s + 5*x + t, 0 = -x. Is s prime?
False
Let h be 2/(-3) + (-373)/3. Let s = -81 - h. Let y = s + 285. Is y prime?
False
Suppose 4*s = s + 6. Let o be s*(3 - 3052/8). Let q = 1410 + o. Is q prime?
True
Let i be 8/(-6 + 2)*-6. Suppose -7*p - 25 = -i*p. Suppose -p*a + 4*m = 2*m - 343, 3*m = -12. Is a prime?
True
Let y = 1728 - -605. Let d = -796 + y. Is d a composite number?
True
Let j(y) = y**2 + 30*y - 3. Let p be j(6). Let l = p + 194. Is l prime?
False
Is (-3522)/(-3)*(-1)/(-2) prime?
True
Let y(a) = 8*a + 5. Let d(i) = -9*i - 4. Let s(j) = 5*d(j) + 6*y(j). Is s(9) a prime number?
True
Suppose 2*s - 49 = 3*x, x - 48 = 3*s - 132. Let p = 30 + s. Is p a prime number?
True
Let m be (-55)/(-6) - 7/42. Let u be (m/(-6))/(3/(-6)). Is ((-2)/(-6))/(u/4041) composite?
False
Is -7 + 3 - (-3061 + -3 + -1) a prime number?
True
Let w(l) = -l**3 + 5*l - 1 - 8 - 2 + 26*l**2 + 8. Is w(26) a composite number?
False
Suppose 11*p - 24379 - 17278 = 0. Is p prime?
False
Let y(i) = 83*i**2 - 23*i + 89. Is y(10) prime?
False
Let w(r) be the first derivative of 633*r**2/2 - 7*r + 16. Is w(2) composite?
False
Let x(y) = 66*y - 5. Let j(b) be the first derivative of -b**2/2 - 2. Let h(r) = -6*j(r) - x(r). Is h(-3) prime?
False
Let j(x) = 2*x**3 + 6*x**2 - 6*x + 10. Let b(t) = 5*t**3 + 11*t**2 - 11*t + 20. Let a(s) = 3*b(s) - 7*j(s). Let r be a(8). Is ((-7)/r)/((-11)/(-2134)) prime?
False
Let h = 16708 - 10811. Is h prime?
True
Suppose -21 = -2*b - 17. Suppose 0*p = -b*p + 1706. Is p composite?
False
Let p(j) = -2*j**2 - 21*j - 22. Let k be p(-9). Suppose -677 = -3*i + 5*u + 1665, 4*i + k*u = 3111. Is i a composite number?
True
Suppose -23*h + 284 = -25*h. Let c = 200 + h. Is c composite?
True
Let o(b) = -5*b**3 - b**2 + 2*b - 2. Suppose 3 = 2*c + 9. Is o(c) a prime number?
False
Suppose -2*i + 0 = -c - 11, -79 = 4*c - i. Let m be ((-5)/10)/(2/(-188)). Let o = c + m. Is o a composite number?
True
Let k = 53 + -41. Suppose 1213 = 13*b - k*b. Is b composite?
False
Let s(r) = 19*r**3 + r**2 - 9*r - 2. Is s(3) a prime number?
False
Is 2/(-4 + 96120/24028) a prime number?
True
Suppose -5*q = 2*j + 988, -2*j - 3*q - 464 - 528 = 0. Let h = 725 + j. Is h a prime number?
False
Let i = -932 - -5561. Is i prime?
False
Let i(y) = 604*y - 8. Let w(d) = -d - 1. Let r(l) = i(l) - 4*w(l). Let f be r(2). Suppose -4*z + 4*g + f = 0, 71 + 240 = z + g. Is z a composite number?
False
Let j(g) = -g**2 - 13*g - 3. Let q be j(-13). Is 28443/38*(-2)/q a composite number?
False
Suppose -4*k = z - 1931, -6242 = -5*z + 4*k + 3413. Is z prime?
True
Let w(x) be the first derivative of -6 - 17*x + 17 + 5*x**2 - 6. Is w(7) composite?
False
Suppose 3*l + 3 = 3*h, 0*l + 2*h = 3*l. Suppose -5*t = l*b - b - 1068, 2*b = t + 2081. Is b a prime number?
False
Let h(u) = -59*u**2 + 8*u. Let j be h(-10). Let x = j + 9333. Is x a prime number?
False
Is (-19854)/(-12) + 3 + (-25)/10 a prime number?
False
Let w(t) = -11*t**2 - 4*t - 3. Let j be w(-1). Is (-106)/8*j - 87/(-58) a prime number?
False
Suppose x = 3*t - 3349, -3*t + 2*t + x + 1119 = 0. Suppose 2*v + a = 2497, -2*v + 5*a + t = -1412. Suppose 3*g - 5*r = v, -2*r + 680 - 252 = g. Is g prime?
False
Let r be (0 + 6)/(1/(-3)*-3). Suppose -r*m - 24824 = -14*m. Is m a prime number?
False
Let x(p) = -119*p - 80. Is x(-9) composite?
False
Suppose -2 = -5*b - 22, -2*t + 40934 = 2*b. Is t prime?
False
Suppose -11*u + 56 = -7*u. Suppose y + y + u = 0. Let s(f) = -f**3 - 5*f**2 + 5*f + 6. Is s(y) prime?
False
Suppose 0*s - 250 = -2*s. Let n(v) = 10*v**2 + v - 20. Let h be n(-6). Let g = h - s. Is g prime?
False
Let a be (2 + -4)*12/(-8). Suppose y - 23 = -l, -a*y - l + 41 = -y. Suppose -4*z + y = -z. Is z a prime number?
False
Suppose n - 5*n - 2*s = 4,